- 95. What is the remainder when 63 is divided by o?
12
Let b = 13 - 8. Suppose 14 = -b*v - 1. What is the remainder when (-212)/(-6) + 1/v is divided by 12?
11
Calculate the remainder when (-3)/(-4) + -6 + (-390)/(-24) is divided by 1/3 - 34/(-6).
5
Let a = -1 + -5. Let m(k) = -k**2 - 10*k + 1. Let s = 11 + -2. Calculate the remainder when m(a) is divided by s.
7
Let a(u) = -2*u - 15. Calculate the remainder when a(-15) is divided by 6.
3
Suppose -2*z = z - 36. Suppose 2*j - z = j. Calculate the remainder when 46 is divided by j.
10
Let j = 42 + -11. Suppose -55 = -b - 4*b. Calculate the remainder when j is divided by b.
9
Let r be 3 - (0 + 0 + 0). Suppose -5*h = -r*w + 60, -4*h + 3 = w - 0. What is the remainder when 43 is divided by w?
13
Let p(h) = -2*h - 15. Let d(b) = b + 7. Let y(u) = 9*d(u) + 4*p(u). Let o be y(5). Calculate the remainder when 9 is divided by o/6*18/4.
3
Let k = -41 + 13. Let a = 45 + k. Calculate the remainder when 31 is divided by a.
14
Suppose -5*b + 27 = -3. Calculate the remainder when 11 is divided by b.
5
Let j(f) = f**2 - 9*f - 32. What is the remainder when 150 is divided by j(14)?
36
Let q(k) = 0*k**2 + k + 4*k**2 - 14*k**3 - 3*k**2. Let y(r) = 18*r + 4. Calculate the remainder when y(2) is divided by q(-1).
12
Let x(l) = 61*l**3 + 2*l**2 - 2*l + 1. Let p be x(1). Calculate the remainder when (-2)/8 - (-234)/8 is divided by (-1)/(p/(-20) - -3).
9
Suppose -u = -4, 6*u = 2*y + 2*u - 140. What is the remainder when y is divided by 8?
6
Let o(c) = c**2 + 6*c - 1. Let v(r) = -r**2 + r. Let q(l) = o(l) - 4*v(l). Calculate the remainder when q(-3) is divided by 13.
12
Let b = -45 - -68. Suppose -40 = -4*l + 2*t, -l = 2*t - 5*t. Calculate the remainder when b is divided by l.
11
Suppose -3 + 9 = 2*x - r, -x - 5*r - 19 = 0. What is the remainder when x is divided by 1?
0
Suppose -2*r = 12*r - 742. Calculate the remainder when r is divided by 11.
9
Let q(i) = -38*i + 3. Let z(b) = -533*b + 41. Let v(a) = -41*q(a) + 3*z(a). What is the remainder when v(-1) is divided by 14?
13
Let r(g) be the first derivative of -1/2*g**4 + 4 - 5/3*g**3 - g - 2*g**2. What is the remainder when 59 is divided by r(-3)?
19
Let g be (0 - -1)/((-7)/(-2737)). Suppose 0*v = 2*v - 5*s - 163, -5*v = 4*s - g. Calculate the remainder when v is divided by 20.
19
Let k(b) = -2*b - 4. Let t be k(-3). Calculate the remainder when (1/(-3))/(t/(-186)) is divided by 16/(-6)*(0 - 6).
15
Suppose 2*y = -2*g + 4*g - 8, -5*y - 18 = -4*g. Let l(h) = -h**3 + 8*h**2 - 9*h. Calculate the remainder when (-945)/(-28) + g/8 is divided by l(6).
16
Let r(k) = -5*k. Let v be r(-1). Suppose 2*u - 54 = -5*p, -104 = -v*u - 5*p + 16. Calculate the remainder when 64 is divided by u.
20
Suppose 1 = 4*i - 11. What is the remainder when 4 is divided by i?
1
Let h = -34 + 75. Suppose 3*p - p - 10 = -c, 5*c - 15 = -3*p. Suppose 0 = -n - c*n + 14. Calculate the remainder when h is divided by n.
13
Suppose -5*j = -0*d - 4*d - 32, -d + 2*j = 11. What is the remainder when 32*d/(-6) + -3 is divided by 8?
5
Suppose -2*v + 48 = 4*k, 4*k + 2*v - 46 = -v. Calculate the remainder when 64 is divided by k.
12
Let m(t) = t**3 - t**2 + 4. Let s be m(0). Suppose 3*l = s*l - 51. What is the remainder when l is divided by 18?
15
Suppose 5*p + 8*p = 182. What is the remainder when 17 is divided by p?
3
What is the remainder when (46 - ((-3 - -2) + -2))*1 is divided by 10?
9
Let u(h) be the third derivative of h**4/24 + 2*h**3 - 3*h**2. Calculate the remainder when u(-10) is divided by 2.
0
Suppose -18*y + 14*y + 40 = 0. Calculate the remainder when 27 is divided by y.
7
Let f(n) = -n**3 - 7*n**2 - 7*n - 7. Let k be f(-6). What is the remainder when 6 is divided by k*2*6/(-4)?
0
Let g(s) = s**3 - 6*s**2 + 8*s - 2. What is the remainder when 13 is divided by g(5)?
0
Let s(d) = -42*d**2 - d + 1. Suppose -t - 1 = -2. Let b be s(t). What is the remainder when 27 is divided by b/(-4)*8/6?
13
Let r(w) = w + 24. Let a be r(0). Let h = a + -8. Suppose 5*l = -28 + 183. Calculate the remainder when l is divided by h.
15
Calculate the remainder when 369/2 - ((-45)/(-10) - 4) is divided by 47.
43
What is the remainder when 83 is divided by (-1 - -24 - 1) + 0?
17
Let m = 24 - 27. Let g(p) = 1 - 9*p + 0*p + 0. What is the remainder when g(m) is divided by 15?
13
Suppose -v = 3*v - 16. What is the remainder when (-498)/(-24) + 1/v is divided by 11?
10
Suppose -2*m = 5*z - 17, 2*m - 2*z = -z - 1. Let q = 3 + m. Calculate the remainder when 12 is divided by q/(-12) + (-22)/(-3).
5
Let a(o) = 4*o - 7. Calculate the remainder when a(6) is divided by 2.
1
Let k(p) = p**2 - 3*p - 3. Let h = 3 + -6. Calculate the remainder when k(h) is divided by 9.
6
Let h = -7 - -38. Let l(q) = q**2. Calculate the remainder when h is divided by l(-4).
15
Let c = -15 - -26. Calculate the remainder when c is divided by 6.
5
Suppose 0 = f + 1. Let z(i) = -i - 1. Let y(x) = x**2 - 5*x + 13. Let a(t) = f*y(t) - 4*z(t). What is the remainder when a(6) is divided by 5?
4
Let g = 101 + -67. Suppose 12*l - 39 - 69 = 0. Calculate the remainder when g is divided by l.
7
Let d(y) = 2*y - 5. Let a be d(4). Suppose -5*l = 4*n - 56, 14 = n + l - a*l. What is the remainder when 55 is divided by n?
13
Let z(l) = -2*l**2 + 32*l - 3. Let f(b) = b**3 + 8*b**2 - 10*b - 3. Calculate the remainder when z(15) is divided by f(-9).
3
Let v = 57 + -25. What is the remainder when v is divided by (-4)/(-30) - (-1956)/180?
10
Let q(s) = s**2 + 7*s - 5. Let r be q(-8). Suppose -p = r*p - 8. Suppose 5*c - 79 = -p*o, -c + 2*o = -2*o - 7. Calculate the remainder when c is divided by 8.
7
Calculate the remainder when 65 is divided by (6*5/(-5))/(-1).
5
Let a(m) = -m - 4. Calculate the remainder when 14 is divided by a(-7).
2
Let x be ((-6)/4)/(3/(-8)). Suppose 0 = -5*i - 4*u + 89, i + x*u - 20 = u. What is the remainder when 30 is divided by i - 3/(3 - 0)?
14
Suppose 3*c + 1 = -2. Let d(a) = -10*a**3 - a - 2. What is the remainder when d(c) is divided by 5?
4
Let m = 45 + -28. Calculate the remainder when m is divided by 5.
2
Suppose 1 - 7 = z. Suppose -3*u + 81 = -4*a, 0 = -0*a + 2*a. What is the remainder when 17 is divided by (-104)/(-18) - z/u?
5
Let v(h) = -31*h**3 + h**2 - h - 2. Calculate the remainder when 54 is divided by v(-1).
23
Suppose 4*b + 37 = i, 128 = -i + 5*i + 4*b. Suppose 4*r + n = 217, 0 = -r - 5*n + 7 + i. What is the remainder when r is divided by 37/2 - 10/(-20)?
17
Let p(q) be the third derivative of q**6/120 + q**5/10 - 5*q**4/24 - 7*q**3/6 - 2*q**2. What is the remainder when p(-6) is divided by (4 + (-27)/6)*-24?
11
Let v = 66 + -47. What is the remainder when v is divided by 21*-1*(-4)/12?
5
Suppose z - 4 = -0*z + 2*y, 0 = 3*y + 3. Suppose -n = 3*n - z*x - 68, 3*x - 68 = -4*n. Calculate the remainder when 33 is divided by n.
16
Suppose -2*y + 6 = y. Suppose y*d - 104 = 4*d. What is the remainder when 2/(-3) - d/6 is divided by 5?
3
Calculate the remainder when ((-60)/(-8))/(-5) - 993/(-6) is divided by 28.
24
Suppose 5*z - z - 88 = 2*d, -3*d = -5*z + 111. Calculate the remainder when 102 is divided by z.
18
Let k = -1 - -34. Suppose -k = -2*f - 79. Calculate the remainder when -4 - (-2)/2 - f is divided by 11.
9
Suppose -3*j - y = -19, 0*y = 4*j + 5*y - 40. Suppose 3*v = j*n - 225, -4*n - 5*v + 225 = n. What is the remainder when n is divided by 23?
22
Let y = 245 - 156. Calculate the remainder when y is divided by 9.
8
Let f(r) = -r**3 + r**2 + r + 2. Let b be f(0). Suppose -32 = -b*k - 2*k. Calculate the remainder when 30 is divided by k.
6
Let l(s) = -53*s - 4. Let v be l(-3). Let c = -108 + v. Calculate the remainder when c is divided by 24.
23
Suppose 2*t + 26 = -3*j, 0*j - 2 = j - t. Let f = j + 11. Calculate the remainder when f is divided by 3.
2
Suppose 0 = 4*a - 2*p - 12, 4 = -0*a + 3*a + p. Let u = -4 - -6. Calculate the remainder when u is divided by a.
0
Let y(j) = -j + 47. Calculate the remainder when 217 is divided by y(25).
19
Let d be (3/3 + -6)*1. What is the remainder when ((-12)/d)/((-4)/(-10)) is divided by 3?
0
Let s(q) = -q + 19. Calculate the remainder when 21 is divided by s(10).
3
Let x(l) = 9*l**2 - 4*l - 3*l + 5*l + 3*l. What is the remainder when 28 is divided by x(1)?
8
Let m(n) = -n**3 + 4*n**2 + 16*n -